factors of 1977813?
3, 219757
What are the prime factors of 5470136?
2, 7, 23, 31, 137
What are the prime factors of 16852751?
1879, 8969
What are the prime factors of 4629?
3, 1543
What are the prime factors of 1053265?
5, 19, 11087
List the prime factors of 181496.
2, 7, 463
What are the prime factors of 89829?
3, 1109
List the prime factors of 197741.
197741
List the prime factors of 278574.
2, 3, 29, 1601
What are the prime factors of 146369?
146369
List the prime factors of 16314937.
53, 541, 569
What are the prime factors of 345427?
223, 1549
What are the prime factors of 61629?
3, 20543
What are the prime factors of 737831?
31, 23801
What are the prime factors of 959165?
5, 191833
List the prime factors of 1215287.
131, 9277
List the prime factors of 973513.
487, 1999
What are the prime factors of 582454?
2, 17, 37, 463
What are the prime factors of 329222?
2, 17, 23, 421
What are the prime factors of 37002104?
2, 4625263
What are the prime factors of 968523?
3, 113, 2857
List the prime factors of 11431227.
3, 3810409
What are the prime factors of 1135639?
131, 8669
What are the prime factors of 3618535?
5, 17, 42571
What are the prime factors of 139773?
3, 46591
List the prime factors of 182924.
2, 7, 47, 139
What are the prime factors of 348798?
2, 3, 61, 953
List the prime factors of 3745182.
2, 3, 7, 23, 3877
List the prime factors of 385605.
3, 5, 11, 19, 41
What are the prime factors of 8667?
3, 107
List the prime factors of 199710.
2, 3, 5, 7, 317
List the prime factors of 895894.
2, 103, 4349
List the prime factors of 4982891.
601, 8291
What are the prime factors of 13484404?
2, 3371101
What are the prime factors of 11625930?
2, 3, 5, 31, 463
List the prime factors of 22144903.
11, 2013173
What are the prime factors of 3338988?
2, 3, 71, 3919
List the prime factors of 396359.
19, 23, 907
List the prime factors of 6294542.
2, 503, 6257
List the prime factors of 6253112.
2, 71, 101, 109
List the prime factors of 4253759.
4253759
What are the prime factors of 3267243?
3, 7, 59, 293
What are the prime factors of 495771?
3, 17, 9721
List the prime factors of 356379.
3, 211, 563
What are the prime factors of 10653848?
2, 53, 25127
What are the prime factors of 11772426?
2, 3, 1962071
What are the prime factors of 310925?
5, 12437
What are the prime factors of 35034?
2, 3, 5839
List the prime factors of 63131.
63131
List the prime factors of 14648861.
23, 613, 1039
List the prime factors of 384068.
2, 96017
What are the prime factors of 49798?
2, 7, 3557
What are the prime factors of 88659?
3, 9851
What are the prime factors of 376635?
3, 5, 7, 17, 211
List the prime factors of 264849.
3, 13, 6791
List the prime factors of 181175.
5, 7247
What are the prime factors of 4011225?
3, 5, 79, 677
List the prime factors of 590162.
2, 295081
What are the prime factors of 387272?
2, 48409
What are the prime factors of 143040?
2, 3, 5, 149
What are the prime factors of 2989640?
2, 5, 31, 2411
List the prime factors of 8685695.
5, 857, 2027
What are the prime factors of 4003508?
2, 29, 34513
List the prime factors of 7572835.
5, 31, 48857
List the prime factors of 2438953.
11, 221723
What are the prime factors of 687525?
3, 5, 89, 103
List the prime factors of 168137.
383, 439
List the prime factors of 1072859.
1072859
List the prime factors of 375420.
2, 3, 5, 6257
List the prime factors of 336706.
2, 168353
What are the prime factors of 198836?
2, 11, 4519
List the prime factors of 1338190.
2, 5, 7, 2731
List the prime factors of 1200749.
11, 109159
What are the prime factors of 161128?
2, 11, 1831
List the prime factors of 36397233.
3, 29, 37, 3769
List the prime factors of 635383.
7, 12967
List the prime factors of 944352.
2, 3, 1093
What are the prime factors of 1110759?
3, 13, 19, 1499
What are the prime factors of 4682348?
2, 11, 106417
List the prime factors of 415577.
415577
What are the prime factors of 3594806?
2, 911, 1973
List the prime factors of 97788.
2, 3, 29, 281
What are the prime factors of 994454?
2, 487, 1021
List the prime factors of 5505597.
3, 203911
What are the prime factors of 919060?
2, 5, 45953
What are the prime factors of 341453?
7, 48779
What are the prime factors of 11890306?
2, 5945153
What are the prime factors of 106889?
89, 1201
List the prime factors of 489193.
19, 25747
What are the prime factors of 809981?
809981
What are the prime factors of 3760865?
5, 29, 37, 701
List the prime factors of 6197268.
2, 3, 7, 11, 19, 353
What are the prime factors of 1723810?
2, 5, 11, 15671
What are the prime factors of 6905869?
6905869
What are the prime factors of 2447677?
17, 143981
List the prime factors of 1059118.
2, 433, 1223
List the prime factors of 1303222.
2, 743, 877
What are the prime factors of 2913397?
149, 19553
What are the prime factors of 1114904?
2, 7, 43, 463
What are the prime factors of 9767181?
3, 73, 103, 433
List the prime factors of 35494.
2, 17747
List the prime factors of 12692035.
5, 2538407
List the prime factors of 1171782.
2, 3, 65099
What are the prime factors of 304492?
2, 76123
List the prime factors of 1672697.
13, 128669
List the prime factors of 1694872.
2, 211859
What are the prime factors of 9393209?
7, 107, 12541
List the prime factors of 2136298.
2, 1068149
What are the prime factors of 6780739?
7, 17, 19, 2999
What are the prime factors of 20951010?
2, 3, 5, 271, 859
List the prime factors of 106443.
3, 11827
What are the prime factors of 143550?
2, 3, 5, 11, 29
What are the prime factors of 4189?
59, 71
List the prime factors of 5882985.
3, 5, 239, 547
List the prime factors of 1941611.
7, 277373
What are the prime factors of 3062318?
2, 7, 218737
List the prime factors of 9495965.
5, 1899193
What are the prime factors of 608482?
2, 7, 887
What are the prime factors of 736371?
3, 9091
What are the prime factors of 10016543?
10016543
List the prime factors of 141678.
2, 3, 17, 463
List the prime factors of 186911.
311, 601
What are the prime factors of 1096528?
2, 19, 3607
What are the prime factors of 2602655?
5, 11, 79, 599
List the prime factors of 2244219.
3, 181, 4133
What are the prime factors of 122205?
3, 5, 8147
What are the prime factors of 6790523?
6790523
List the prime factors of 197947.
197947
What are the prime factors of 107845?
5, 21569
List the prime factors of 398596.
2, 11, 9059
What are the prime factors of 3210937?
163, 19699
What are the prime factors of 20518708?
2, 7, 19, 38569
What are the prime factors of 58097?
13, 41, 109
What are the prime factors of 7561717?
307, 24631
List the prime factors of 2558009.
2558009
What are the prime factors of 195320?
2, 5, 19, 257
List the prime factors of 38036752.
2, 13, 17, 31, 347
What are the prime factors of 19799211?
3, 523, 12619
List the prime factors of 498224.
2, 31139
What are the prime factors of 464839?
103, 4513
What are the prime factors of 65524?
2, 16381
What are the prime factors of 589859?
589859
What are the prime factors of 2657546?
2, 431, 3083
What are the prime factors of 10528926?
2, 3, 19, 4861
List the prime factors of 4126840.
2, 5, 103171
List the prime factors of 2035512.
2, 3, 17, 1663
What are the prime factors of 85718?
2, 42859
List the prime factors of 654744.
2, 3, 27281
What are the prime factors of 164308?
2, 41077
What are the prime factors of 653297?
131, 4987
List the prime factors of 410212.
2, 11, 9323
List the prime factors of 26306290.
2, 5, 31, 84859
What are the prime factors of 600579?
3, 7, 9533
What are the prime factors of 2712438?
2, 3, 31, 4861
What are the prime factors of 326225?
5, 13049
List the prime factors of 2054739.
3, 17, 40289
List the prime factors of 7273026.
2, 3, 29, 13933
List the prime factors of 201711.
3, 71, 947
What are the prime factors of 15237373?
19, 61, 13147
List the prime factors of 56034.
2, 3, 11, 283
What are the prime factors of 13204210?
2, 5, 1320421
What are the prime factors of 472821?
3, 17, 73, 127
List the prime factors of 3505534.
2, 107, 16381
What are the prime factors of 1546975?
5, 61879
What are the prime factors of 17758371?
3, 41, 353, 409
List the prime factors of 5646256.
2, 7, 11, 4583
What are the prime factors of 17370168?
2, 3, 31, 37, 631
List the prime factors of 8572345.
5, 37, 46337
What are the prime f